*2 - 7*m - 5. Let c be f(-4). Let d = c + 16. Suppose 4*g = -27 + d. Let k(x) = x + 4. Give k(g).
-1
Let i(b) = -b + 4. Let t = 18 - 13. Suppose -3*c + t = -1. Calculate i(c).
2
Let q(k) be the first derivative of 5 + k - 5 - 2 - 4*k**2. Suppose -s = i + 1, 2*s + 0 = -3*i - 1. Give q(i).
-7
Let d(a) = 7*a**2 + 5*a + 2. Let g(x) = 2 + 3*x + 1 + 3 + 4*x**2 - 5. Let n(y) = -3*d(y) + 5*g(y). What is n(-2)?
-5
Let l(f) = -f + 6. Let y be l(4). Let i(o) = 3*o + y*o**2 - 8*o + 0*o + 3 + 0*o. Calculate i(3).
6
Let z(m) = m**3 + 5*m**2 - m - 5. Let l be z(-5). Let g(x) = -x**2 + 4*x**3 + 10 + 0*x**3 - 3*x**3. Give g(l).
10
Let n(k) = k**2 + 2*k. Let w be n(-4). Suppose r = w - 1. Let p(i) = 2*i**3 - i**3 + 8*i + 4 + r*i**2 - i**2 - i. Give p(-5).
-6
Let g(x) = -4*x - 1. Let i be g(1). Let p = -3 - i. Let j(s) be the third derivative of -s**6/120 + s**5/60 - s**3/3 + 5*s**2. What is j(p)?
-6
Let i(d) = d + 10. Suppose -2*j + 0*j = -8. Suppose -2*w = -7*w - 3*k - 6, 2*w - 8 = j*k. Calculate i(w).
10
Let w(x) = -x**2 + 7*x - 6. Let u be w(5). Let t(i) = 0*i + 2*i + 3 + 0 - i**2. Determine t(u).
-5
Let i = 11 - 6. Let k be i + -2 - (1 + 0). Let v(b) = k*b - 3 - 2*b - 3*b + b**2. What is v(4)?
1
Suppose a - 13 = 2*p, -a + 1 + 7 = -p. Let z(y) = y - 7*y + y**a + 5 + 0*y**3 - 3*y**2. What is z(4)?
-3
Let y = 8 - 12. Let j(p) = -4*p - 3. Let d(h) = -21*h - 16. Let w(a) = 2*d(a) - 11*j(a). What is w(y)?
-7
Suppose 0 = 2*v + 2, -5*v - 1 = -2*h - 8. Let p(q) = q + 3. Give p(h).
-3
Let v(q) = 4*q - 1 + 3 - q**3 + 1. Let c be v(-2). Let t(a) = -c*a**2 + 2*a**2 - a - 4 + a - 3*a. Give t(-3).
-4
Let c(z) = z**3 - 12*z**2 + 5*z - 1. Let m(y) = -y**3 + 13*y**2 - 5*y + 2. Let p(n) = -6*c(n) - 5*m(n). What is p(6)?
2
Suppose -o - 10 = -4*y + 6, o + 12 = 3*y. Let v(i) = -4*i + 3. Let u(z) = 2*z - 2. Let a(h) = -5*u(h) - 2*v(h). Give a(y).
-4
Let a(r) = -r**2 + 5*r - 3. Suppose -5*g - 5 = -5*q, 7*g + 5*q = 4*g + 37. Calculate a(g).
1
Suppose 2*o + 10 = -2*v - 3*v, 5*o - 3*v - 37 = 0. Let y(h) = -2*h + 3. Determine y(o).
-7
Suppose 12*j = -31 + 115. Let a(l) = l**3 - 7*l**2 - l + 10. Calculate a(j).
3
Let z(d) = -d**3 + 5*d**2 - 4*d + 5. Let t(o) = 2*o**2 + 2*o - 2. Let v be t(-2). Suppose 3*r - r = 2*c, 8 = -v*c + 4*r. What is z(c)?
5
Suppose 5*d + 11 = 6. Let n(g) = -12*g**3 + g**2 + g. What is n(d)?
12
Suppose -c - 7 + 5 = 0. Let h(y) = -y**2 - 3*y - 1. Calculate h(c).
1
Suppose d = -4*f + 3*d - 18, f - 4*d = -8. Let o(q) = q**3 - q**2 - q + 1. Let k(n) = 3*n**3 + n**2 - 4*n + 4. Let w(m) = -k(m) + 2*o(m). Give w(f).
6
Let z(w) be the first derivative of 6*w - 1/2*w**2 - 6. Give z(-5).
11
Suppose 0 = -s + 10 - 16. Let l(w) = w**3 + 6*w**2 + 2*w + 6. Calculate l(s).
-6
Let q(u) = -11*u**3 - 14*u**2 - 11*u + 3. Let r(i) = -4*i**3 - 5*i**2 - 4*i + 1. Let y(a) = 3*q(a) - 8*r(a). Determine y(-2).
3
Let v(o) = 0 + 2*o + o - 1. Let s be 738/(-63) - 2/7. Let r(q) = q + 13. Let h be r(s). What is v(h)?
2
Suppose 2*k + 0*k - 4 = 0. Let f(i) = -2*i + 2. What is f(k)?
-2
Let w(k) = 2 - k + 3*k - 4*k + k. Let d(z) = -z**3 + 6*z**2 - 5*z + 2. Let y be d(5). What is w(y)?
0
Let y(v) = -v + 2. Let s(j) = -6*j + 11. Let t(w) = 2*s(w) - 11*y(w). Let z(m) = -11 + 10 + 2*m + 0*m. Let o be z(-1). Calculate t(o).
3
Let w(k) = 6*k - 13*k + 5*k + 2. Determine w(2).
-2
Suppose -3*f = -5 - 4. Let w(j) = 0*j - 4 + 3*j**2 - 5*j - 2*j**f + 3*j**3. Determine w(-3).
11
Let u(l) = -l**2 + 3*l + 6. Let o = 1 - -2. Suppose -60 = 2*n + n - o*i, -3*n - 4*i - 46 = 0. Let t be 4/8 - n/4. Calculate u(t).
-4
Let x = -9 - -4. Let o(h) be the second derivative of -1/2*h**2 - 6*h + 0 - 1/6*h**3. Give o(x).
4
Let q(i) = 2*i + 2 - 2*i + 2*i**3 - 3*i**2 + 4*i - 5. Let j be (5 - 2)/(-3*(-2)/4). Determine q(j).
9
Let l(m) be the second derivative of -m**5/10 - m**4/12 + m**2/2 - 3*m. Let i(q) = -q**2 - q + 2. Let s be i(2). Let d = -3 - s. Calculate l(d).
-2
Let r be (3 - 0)*14/(-6). Let o(j) = -13*j + 8. Let z(w) = 6*w - 4. Let c(x) = r*z(x) - 3*o(x). Calculate c(3).
-5
Let w(k) = -k**3 + 2*k**2 + 3*k - 3. Let a be w(2). Let z(p) = -4 - 10*p**2 + 6*p**2 + 1 - p**a - 3*p. Calculate z(-4).
9
Let g(w) = -1. Let h(d) = 2*d + 2. Let r(v) = 4*g(v) - h(v). Let l(j) = -j**2 + 9*j - 6. Let s be l(5). Let u be (-8)/28 + (-52)/s. What is r(u)?
2
Suppose 3*j + 15 = 0, -4*j + 7 = -m + 31. Let h(n) = -n**3 + 4*n**2 + n - 2. What is h(m)?
2
Let t(r) be the second derivative of -r**5/60 - 7*r**4/24 - r**3 - 5*r**2 + 3*r. Let m(c) be the first derivative of t(c). What is m(-6)?
0
Let i(a) = 2*a**3 - 2*a**2 - 2*a + 1. Let w(u) = 2*u - 44. Let p be w(23). Determine i(p).
5
Let r be (-6)/12 - (-22)/(-4). Let v(m) = -2*m + 4. Let d(z) = z - 5. Let g(f) = 4*d(f) + 3*v(f). What is g(r)?
4
Let d(n) = n + 5. Let b be d(-4). Let v(s) = -4*s + 2 + 7*s - b. Determine v(-3).
-8
Let j(u) = u**3 + 6*u**2 + 4*u. Let b be j(-5). Let l(r) be the first derivative of -3/2*r**2 - 4 + 6*r. Give l(b).
-9
Let c(j) be the second derivative of -j**4/12 - 2*j**3/3 - 2*j**2 + 6*j. Determine c(-4).
-4
Suppose -4*m + 9 = 3*l + 29, -4*m - 5*l - 20 = 0. Let z(c) = -c - 3 - 3 + 4. Determine z(m).
3
Let h(i) = i + 1. Let u(f) = 2*f + 3. Let n(a) = -7*h(a) + 3*u(a). What is n(-6)?
8
Let c(o) = o**3 - 7*o**2 + 7*o - 5. Let x be c(6). Let s be (x + 0)/((-2)/12). Let w be (-5 - s)/((-2)/6). Let n(y) = y**2 + 3*y - 4. Determine n(w).
-4
Let h be 2*(-1 + (-19)/(-2)). Let n = -12 + h. Let v(z) = -4*z**3 + 0 + z - n*z**3 + 1. Calculate v(-1).
9
Let k(t) be the third derivative of -t**5/60 + t**4/4 - t**3/3 - 9*t**2. What is k(6)?
-2
Let l be (-86)/(-18) + (-8)/(-36). Let w = 6 + -2. Suppose -5 = 4*d + l*o, 3*d - w*o = o - 30. Let h(u) = u**3 + 6*u**2 + 4*u - 7. Calculate h(d).
-2
Let j(t) = t + 1. Suppose k + 4 = -2*y + 3, -8 = 3*y - 5*k. What is j(y)?
0
Let y(c) = -3*c**2 - 4*c + 5. Let p(j) = j**2 - j + 1. Let x(t) = 2*p(t) + y(t). Determine x(-6).
7
Let v be 4/(-2) - (-7 - -3). Let o = -2 - -4. Suppose -4*t + o = -v*t. Let x(s) = s + 1. Calculate x(t).
2
Let r(m) = -2*m**3 - 9*m**2 + m + 8. Let n(p) = p**3 + p**2 + p + 1. Let y(c) = n(c) + r(c). Determine y(-8).
-7
Let a(n) be the first derivative of n**4/4 + 4*n**3/3 - 7*n**2/2 - 5*n - 5. Let t(g) = g**2 + 7*g + 1. Let f be t(-6). Calculate a(f).
5
Let n = 4 - -7. Suppose -k = -5*z + 6, 5*z - 2 + 12 = 0. Let q = n + k. Let u(p) = 2*p + 6. Give u(q).
-4
Let f(i) = 2*i - 2. Let x = -18 + 20. Calculate f(x).
2
Let y(i) be the first derivative of -3*i**2 - 1 - 1/3*i**3 + 3*i. What is y(-5)?
8
Let f(y) = -y**2 - y - 2. Let n = 5 - -1. Let g(b) = -n + b + 2 - 2. Let l be g(8). Give f(l).
-8
Let s(x) = 2*x**2 + 3*x - 4. Let o = 9 + -6. Calculate s(o).
23
Let j(c) = -3 + 2 + 2*c**2 - c + 0*c**2 - c**3. Let d(k) = -k + 11. Let q be d(7). Suppose 4*o = -2*r + 18, -q*r - 7 = -o - 5*r. Calculate j(o).
-3
Suppose -15*s + 45 = -6*s. Let g(p) = -p**2 + 5*p + 4. Determine g(s).
4
Suppose 1 = -3*n + 3*m + 2*m, -n + 23 = 3*m. Let a(j) = n + 2 + j - 2*j - j. Determine a(8).
-6
Let b be (7 + -8)/((-1)/(-2)). Let m(v) = 3*v**2 - 2*v - 1. Let y be m(b). Suppose 5*w - 2*w + y = 0. Let n(d) = -d**3 - 5*d**2 - d + 2. Give n(w).
7
Let p = -11 - -7. Let d(q) be the second derivative of 0 + 0*q**3 + 2*q + 1/2*q**2 - 1/20*q**5 - 1/3*q**4. Give d(p).
1
Let y(g) = g**2 + 7*g + 3. Let d be (-15)/10*2 - 4. What is y(d)?
3
Let q(u) = -u - 2 - u**3 - 1 + 0*u**3 - 4 - 6*u**2. Let n be q(-6). Let h(r) = -5*r**3 + 2*r + 1. Give h(n).
4
Suppose 5*q - 25 = -2*r, -5 = -q - 2. Let f(u) be the second derivative of 1/20*u**r - 1/2*u**3 + 2*u - 5/2*u**2 + 1/3*u**4 + 0. What is f(-4)?
7
Let n(h) = -5*h**3 - 12*h**2 - h - 7. Let b(p) = -14*p**3 - 35*p**2 - 2*p - 21. Let s(u) = -6*b(u) + 17*n(u). Calculate s(5).
7
Let c(j) = j**3 - 8*j**2 + 8*j - 1. Let z = 44 - 37. Calculate c(z).
6
Let q(k) = k**2 - 8*k + 4. Suppose -a + 2*c + 3*c = -2, 0 = -4*c + 4. What is q(a)?
-3
Let k(v) = v**3 - 5*v**2 + 5*v - 2. Suppose 0 = d + 1, 4*d + 25 = 5*y + 1. Give k(y).
2
Let r(m) = m**2 + 2*m - 1. Suppose -15 = -3*p, -5*p + 6 = 5*a - 9. Determine r(a).
-1
Let c be (-4)/(-6)*3 - -3. Let x(v) = -v**3 + 6*v**2 - 3*v + 8. Let l(h) = h**3 - 6*h**2 + 2*h - 9. Let a = -6 + 10. Let f(t) = a*x(t) + 3*l(t). Determine f(c).
0
Let j(h) = -h**3 + 8*h**2 - 5*h - 12. Let w be j(7). Let n(r) =